lculate the highest common divisor of 17 and a.
17
Let z(a) = -68*a + 18. Let b be z(0). Let h = 54 - 18. What is the highest common factor of h and b?
18
Suppose 4*w + 42 = 26. Let d be (-140)/(-15) + w/12. What is the greatest common factor of d and 9?
9
Let l = 119 - 56. Suppose -3*z + 0*z + 21 = 0. Calculate the highest common factor of z and l.
7
Let y(m) = -154*m - 30. Let r be y(-4). Let f = -401 + r. What is the greatest common factor of f and 74?
37
Suppose 20*j + 675 = 23*j. Calculate the greatest common factor of 100 and j.
25
Suppose -5*d = 2*k - 51, -20*k + 24*k + 4*d - 120 = 0. What is the greatest common factor of 693 and k?
33
Suppose 18 = 48*y - 39*y. What is the greatest common factor of 34 and y?
2
Let o(m) = 2*m. Let l be o(10). Suppose 3*k + l = 3*n + 5, -5*k + 55 = 5*n. Calculate the highest common factor of 2 and n.
2
Suppose -3*r = 5*x + 75 - 380, 0 = 4*x + 3*r - 241. Let p(m) = -3*m**3 - m**2 + 2*m. Let z be p(-2). Calculate the greatest common divisor of z and x.
16
Let w(y) = y**2 - 9*y - 12. Let j be w(10). Let i = j - 8. Let d = 13 + i. What is the highest common divisor of 21 and d?
3
Let u(v) = -v**3 - 5*v**2 - 11*v - 10. Let q be u(-7). Let f be 2/(-5) - 616/(-40). Calculate the greatest common divisor of q and f.
15
Let d(i) = 2*i**2 + 20*i - 66. Let v be d(3). What is the greatest common factor of v and 116?
4
Let x(g) = 139*g**3 + 2*g**2 - 4*g + 3. Let v be x(1). Calculate the greatest common divisor of v and 5.
5
Suppose 13*x - 6362 = 9*x - 5*t, -x - 5*t = -1583. Calculate the greatest common divisor of x and 27.
27
Suppose 9181 + 4319 = 25*b. What is the greatest common factor of b and 6?
6
Suppose 0 = 2*q - 4*q + 62. Let y = q + -9. Let k(n) = 11*n**2 + 3*n + 2. Let z be k(3). What is the highest common divisor of z and y?
22
Let g(l) = -l**3 + 2. Let a be g(0). Suppose -67 = -2*z + c, -5*z + 6*c + 163 = a*c. Calculate the highest common factor of z and 5.
5
Suppose -2*n = -5*m - 715, -n + 8*m + 364 = 12*m. What is the greatest common divisor of n and 45?
45
Let v(p) = -3*p**2 + p - 1. Let c be v(1). Let z be 147 + (2 - c)/5. Calculate the greatest common factor of z and 37.
37
Let r = 1794 - 1731. What is the highest common factor of r and 14?
7
Let c(b) = -b + 24. Let l be c(11). Suppose 0 = 3*t + 1 - l. Let i be -6*(-1 - t/8). Calculate the highest common factor of 72 and i.
9
Let c(s) = 8*s**2 + s - 1. Let m be c(-3). Let u = -41 + m. Suppose q + 41 = 5*j, 43*j - 41*j - 4*q - 2 = 0. What is the greatest common factor of u and j?
9
Suppose 0 = -4*f + 4*b - 16, 3*f + b + b + 12 = 0. Let c be f/22 - ((-6756)/44)/3. What is the highest common divisor of 34 and c?
17
Suppose 3*q - 2*y = 2*q + 2, -4*y - 16 = 4*q. Let r be 333/18 + 1/q. Suppose 0*w + r = 3*w. Calculate the highest common factor of 54 and w.
6
Let g = 141 + -91. Suppose 0 = 2*s - 5*s + 60. Calculate the highest common divisor of g and s.
10
Let z = 422 + -368. What is the highest common factor of z and 288?
18
Let u = -93 - -94. Let m be (-3 - (-2)/1)*1. Let o be m - (3 - (u + 5)). What is the greatest common factor of 10 and o?
2
Suppose 0*t + 3*q = 5*t - 30, 0 = -3*t - 5*q + 18. Let a = t + -1. Suppose a*y - 16 = 3*y. Calculate the greatest common divisor of y and 12.
4
Let w(p) = -5*p + 39. Let o(n) = 4*n - 40. Let a(t) = -6*o(t) - 5*w(t). Let z be a(0). Calculate the highest common divisor of 18 and z.
9
Let z be ((-468)/390)/((-6)/560). Suppose 0*s - s + 16 = 0. Calculate the greatest common factor of s and z.
16
Let b(h) = 2*h**3 + 13*h**2 + 40. Let t be b(-6). Calculate the highest common factor of 95 and t.
19
Let f = -665 - -1809. Let w be f/32 - 1/(-4). What is the highest common factor of w and 9?
9
Suppose 0 = -3*s - 2*j + 4 + 6, -4*s + 2*j + 32 = 0. Suppose v - 3*c + 2 = 2*c, -c = -5*v + 86. Calculate the highest common divisor of s and v.
6
Let g be 10*(4 + 3/(-6)). Let f(l) = -2*l**2 + 25*l - 7. Let o be f(7). What is the greatest common divisor of g and o?
35
Let k be -4 + -3 + 2 + -3. Let u = k - -138. Calculate the highest common factor of u and 52.
26
Suppose 2*n - 3*q = -1, -2*q = n + q + 23. Let u(y) = -y**3 - 7*y**2 + 3*y. Let x be u(n). Calculate the greatest common divisor of 120 and x.
40
Let r = 5 - 6. Let v be (-21 - r)/(14/28). Let s = v - -161. Calculate the highest common divisor of s and 11.
11
Let g(k) = 38*k + 557. Let c be g(-14). Calculate the highest common factor of 1825 and c.
25
Suppose 16*y - 3520 = 11*y. Suppose -t - y = -3*t. What is the highest common divisor of 32 and t?
32
Suppose 6 = -2*c + 10*h - 14*h, -25 = 5*h. What is the highest common divisor of c and 217?
7
Let w = -357 + 816. What is the greatest common divisor of 51 and w?
51
Suppose 5*q + 20 = 0, 3*n + 2*q - 32 = -2*q. What is the greatest common factor of n and 20?
4
Suppose -3*i = 4*q - 508, -5*q = -18 - 2. Calculate the greatest common factor of 8 and i.
4
Let g be 1142/6 - 9/27. Suppose g = 8*u + 30. What is the greatest common divisor of 5 and u?
5
Let g be (6/9 + 0)*3. Let m be (52/(-6))/(g/(-6)). Let t = 128 + -102. What is the highest common factor of m and t?
26
Let y = 1307 + -1145. Calculate the highest common divisor of 36 and y.
18
Suppose -7*c = -15*c - 88. Let n = c - -27. What is the highest common factor of 112 and n?
16
Suppose 0 = 6*w - 3*w - 5*m - 47, -w - 3*m = 3. Let q(a) = -5*a + 43. Let d be q(8). What is the highest common divisor of w and d?
3
Let s be ((-2)/(-3))/(20/90). Let v(m) = -5*m + 0*m + 3*m**3 - 3 + 9*m**2 - 3*m**3 - m**s. Let y be v(7). What is the greatest common divisor of 10 and y?
10
Suppose 2*q - w = 252, 4*w + 504 = 25*q - 21*q. What is the highest common factor of 162 and q?
18
Suppose -33 = -3*j - 0*j. Suppose -o - j + 19 = 0. Let y be (o + -7)*(-1 + 15). What is the greatest common divisor of y and 35?
7
Let l(z) be the third derivative of -z**4/24 - 10*z**3/3 + 9*z**2. Let h be l(14). Let p be 4/h - (-583)/187. Calculate the highest common divisor of p and 3.
3
Suppose -5*u - 3*g + 1276 = -u, -2*u - g = -640. What is the highest common divisor of u and 14?
14
Suppose -2*x - 3*b + 5 = 2*x, 6 = 2*b. Let g be (48 + 0)*(x/3 - -1). What is the highest common divisor of 96 and g?
32
Let f(p) = 4*p**2 + 6*p + 2. Suppose 2*j = 22 - 6. Let l = j + -10. Let c be f(l). What is the highest common divisor of c and 6?
6
Let r = 43 - 85. Suppose 5*x - g - 90 + 225 = 0, -2*x - 54 = -g. Let z = x - r. Calculate the greatest common divisor of 15 and z.
15
Let i(g) = -g**3 + 8*g**2 - 4*g + 12. Let j be i(8). Let u = j + 28. Calculate the highest common divisor of 72 and u.
8
Let w(n) = n**3 + 7*n**2 - 8*n. Let m be w(-8). Let c(h) = -8 - 2*h + 31 + h + m*h. Let g be c(16). What is the highest common divisor of 49 and g?
7
Let b = 108 - -53. Let q = -2 - b. Let h = -97 - q. What is the highest common divisor of 6 and h?
6
Suppose -n = 4*i - 31, -2*i - n = -0*i - 13. Let o = i - 9. Suppose -5*v + 26 + 17 = 3*d, -v - 1 = o. What is the greatest common divisor of 2 and d?
2
Let q(k) = k**3 + 12*k**2 - 15. Let l = 22 - 34. Let o be q(l). Let a = o - -27. Calculate the greatest common divisor of a and 84.
12
Suppose -10 = 11*g - 9*g. Let i be (-2)/g - (-669)/15. What is the highest common divisor of i and 5?
5
Suppose -13*u = -16*u + 12. Suppose -u*o + 8 = -3*o. What is the greatest common factor of o and 12?
4
Let f be (56 + 4)/(12/6). What is the greatest common factor of 360 and f?
30
Suppose -30*n + 616 = -2*n. What is the greatest common factor of n and 154?
22
Let r(b) = 13*b**3 + b**2 + b - 1. Let a be r(1). Let o = -445 - -473. Calculate the greatest common divisor of o and a.
14
Let h = -30 - -51. Let y = 40 + -62. Let j be ((-56)/6)/(y/297). Calculate the highest common factor of h and j.
21
Let o = 920 - 848. What is the greatest common divisor of 9 and o?
9
Suppose 4*f + 5*z + 30 = 3, -9 = 4*f - z. Let q be (-13)/2*(6 + -14) - f. What is the greatest common factor of 11 and q?
11
Suppose 1499 = -47*r + 15082. Calculate the highest common factor of r and 85.
17
Suppose 58 - 46 = 4*j. Let g be 1/(j/3) + 120. What is the highest common divisor of 11 and g?
11
Let u be (-16)/(-16) + 12/2. Suppose 0 = -b + 20 - u. Let i(j) = j**3 - j**2 + 91. Let v be i(0). Calculate the greatest common factor of v and b.